{"id":1314,"date":"2024-11-30T14:43:26","date_gmt":"2024-11-30T13:43:26","guid":{"rendered":"https:\/\/bagad-keriz.fr\/?page_id=1314"},"modified":"2025-09-05T19:14:56","modified_gmt":"2025-09-05T17:14:56","slug":"clichy-en-bretagne","status":"publish","type":"page","link":"https:\/\/bagad-keriz.kurakadesign.fr\/index.php\/clichy-en-bretagne\/","title":{"rendered":"Clichy&#8230; en Bretagne ?"},"content":{"rendered":"\n<p>C&rsquo;est la question qui vient et revient inexorablement lors des p\u00e9rigrinations du bagad Keriz en Bretagne et partout ailleurs : <em>\u00ab&nbsp;D&rsquo;o\u00f9 venez-vous ? de Clichy certes&#8230; mais de quel d\u00e9partement breton ?&nbsp;\u00bb<\/em>. Paris est qualifi\u00e9e de \u00ab&nbsp;premi\u00e8re ville bretonne&nbsp;\u00bb&nbsp;de France compte tenu du nombre de Bretons et de descendants d&rsquo;\u00ab&nbsp;immigr\u00e9s \u00bb de la diaspora bretonne qui y r\u00e9sident, et dont on dit qu&rsquo;ils seraient pr\u00e8s d&rsquo;1 million (dont 300 000 n\u00e9s en Bretagne). Sa p\u00e9riph\u00e9rie n&rsquo;y \u00e9chappe bien s\u00fbr pas : aussi, si Clichy n&rsquo;est pas en Bretagne, c&rsquo;est la Bretagne qui est \u00e0 Clichy et ce, au fil d&rsquo;une histoire pass\u00e9e et actuelle.<\/p>\n\n\n\n<div style=\"height:25px\" aria-hidden=\"true\" class=\"wp-block-spacer\"><\/div>\n\n\n<div class=\"wp-block-image\">\n<figure class=\"aligncenter size-large is-resized\"><img loading=\"lazy\" decoding=\"async\" width=\"650\" height=\"1024\" src=\"http:\/\/bagad-keriz.fr\/wp-content\/uploads\/2024\/11\/hermine-650x1024.jpg\" alt=\"\" class=\"wp-image-1345\" style=\"width:50px\" srcset=\"https:\/\/bagad-keriz.kurakadesign.fr\/wp-content\/uploads\/2024\/11\/hermine-650x1024.jpg 650w, https:\/\/bagad-keriz.kurakadesign.fr\/wp-content\/uploads\/2024\/11\/hermine-190x300.jpg 190w, https:\/\/bagad-keriz.kurakadesign.fr\/wp-content\/uploads\/2024\/11\/hermine-768x1210.jpg 768w, https:\/\/bagad-keriz.kurakadesign.fr\/wp-content\/uploads\/2024\/11\/hermine-686x1080.jpg 686w, https:\/\/bagad-keriz.kurakadesign.fr\/wp-content\/uploads\/2024\/11\/hermine.jpg 930w\" sizes=\"auto, (max-width: 650px) 100vw, 650px\" \/><\/figure><\/div>\n\n\n<div style=\"height:25px\" aria-hidden=\"true\" class=\"wp-block-spacer\"><\/div>\n\n\n\n<h2 class=\"wp-block-heading\">Clichy, des origines \u00e0 l&rsquo;\u00e9poque moderne<\/h2>\n\n\n\n<p>Clichy est une commune limitrophe de&nbsp;Paris, situ\u00e9e entre&nbsp;Levallois-Perret, Saint-Ouen-sur-Seine, et entre la Seine et le&nbsp;17<sup>e<\/sup>&nbsp;arrondissement de Paris. Clichy tire son origine d&rsquo;une villa gallo-romaine nomm\u00e9e <em>Clippiacum<\/em>. Au Moyen \u00c2ge, le site \u00e9tait encore dens\u00e9ment bois\u00e9 et servait de r\u00e9serve de gibiers de garenne, d&rsquo;o\u00f9 le nom de la ville. Sous le r\u00e8gne de Dagobert, Clichy a m\u00eame \u00e9t\u00e9 la capitale du royaume franc, et les rois de cette \u00e9poque ont marqu\u00e9 l&rsquo;histoire de Clichy par leurs \u00e9crits. De 1612 \u00e0 1623, Vincent de Paul fut cur\u00e9 de l&rsquo;\u00e9glise Saint-M\u00e9dard, la plus ancienne \u00e9glise de la ville.<\/p>\n\n\n<div class=\"wp-block-image is-style-rounded\">\n<figure class=\"aligncenter size-full\"><img loading=\"lazy\" decoding=\"async\" width=\"1920\" height=\"1080\" src=\"https:\/\/bagad-keriz.kurakadesign.fr\/wp-content\/uploads\/2024\/11\/23061_011_Eglise-saint-vincent-couverture-page.jpg\" alt=\"\" class=\"wp-image-1318\" srcset=\"https:\/\/bagad-keriz.kurakadesign.fr\/wp-content\/uploads\/2024\/11\/23061_011_Eglise-saint-vincent-couverture-page.jpg 1920w, https:\/\/bagad-keriz.kurakadesign.fr\/wp-content\/uploads\/2024\/11\/23061_011_Eglise-saint-vincent-couverture-page-300x169.jpg 300w, https:\/\/bagad-keriz.kurakadesign.fr\/wp-content\/uploads\/2024\/11\/23061_011_Eglise-saint-vincent-couverture-page-1024x576.jpg 1024w, https:\/\/bagad-keriz.kurakadesign.fr\/wp-content\/uploads\/2024\/11\/23061_011_Eglise-saint-vincent-couverture-page-768x432.jpg 768w, https:\/\/bagad-keriz.kurakadesign.fr\/wp-content\/uploads\/2024\/11\/23061_011_Eglise-saint-vincent-couverture-page-1536x864.jpg 1536w\" sizes=\"auto, (max-width: 1920px) 100vw, 1920px\" \/><figcaption class=\"wp-element-caption\"><strong>Eglise Saint de Vincent de Paul construite \u00e0 Clichy \u00e0 la fin du XIII\u00e8me si\u00e8cle<\/strong><\/figcaption><\/figure><\/div>\n\n\n<p>\u00c0 partir de la R\u00e9volution, Clichy est devenue une ville industrielle avec des activit\u00e9s de blanchisserie, de verrerie, de cristallerie et de savonnerie. Clichy est alors la ville des blanchisseuses et des lavandi\u00e8res, dont la c\u00e9l\u00e8bre \u00ab&nbsp;Goulue \u00bb montera sur les planches du Moulin Rouge en 1889. Au XIX\u00e8me si\u00e8cle, la cristallerie Ma\u00ebs et la verrerie Appert, reconnues dans le monde entier, s&rsquo;installent \u00e0 Clichy. Plus tard, en 1950, Citro\u00ebn est l&rsquo;un des premiers grands groupes \u00e0 s&rsquo;y installer. Clichy compte ainsi, toujours aujourd&rsquo;hui, plusieurs si\u00e8ges d&rsquo;entreprises importantes : L&rsquo;Or\u00e9al, Amazon, Bic, Monoprix, Sony, etc.<\/p>\n\n\n<div class=\"wp-block-image is-style-rounded\">\n<figure class=\"aligncenter size-full\"><img loading=\"lazy\" decoding=\"async\" width=\"1771\" height=\"996\" src=\"https:\/\/bagad-keriz.kurakadesign.fr\/wp-content\/uploads\/2024\/11\/23074_434_entrepots-du-printemps-2.jpg\" alt=\"\" class=\"wp-image-1330\" srcset=\"https:\/\/bagad-keriz.kurakadesign.fr\/wp-content\/uploads\/2024\/11\/23074_434_entrepots-du-printemps-2.jpg 1771w, https:\/\/bagad-keriz.kurakadesign.fr\/wp-content\/uploads\/2024\/11\/23074_434_entrepots-du-printemps-2-300x169.jpg 300w, https:\/\/bagad-keriz.kurakadesign.fr\/wp-content\/uploads\/2024\/11\/23074_434_entrepots-du-printemps-2-1024x576.jpg 1024w, https:\/\/bagad-keriz.kurakadesign.fr\/wp-content\/uploads\/2024\/11\/23074_434_entrepots-du-printemps-2-768x432.jpg 768w, https:\/\/bagad-keriz.kurakadesign.fr\/wp-content\/uploads\/2024\/11\/23074_434_entrepots-du-printemps-2-1536x864.jpg 1536w\" sizes=\"auto, (max-width: 1771px) 100vw, 1771px\" \/><figcaption class=\"wp-element-caption\"><strong>Les Entrep\u00f4ts du Printemps cr\u00e9\u00e9s \u00e0 partir de 1905, si\u00e8ge social d&rsquo;Amazon France aujourd&rsquo;hui<\/strong><\/figcaption><\/figure><\/div>\n\n\n<p>Les travaux du baron Haussmann \u00e0 Paris ont favoris\u00e9 la r\u00e9organisation du territoire et l&rsquo;instauration de grands axes de communication. Les courants de pens\u00e9es hygi\u00e9nistes et humanistes ont \u00e9galement impuls\u00e9 la construction de logements sociaux et une gestion locale ax\u00e9e sur la solidarit\u00e9 et la pr\u00e9vention. Si la commune qui fait 3km carr\u00e9s pour 64 849 habitants est marqu\u00e9e par l&rsquo;urbanisation et un fort taux de population, il existe de beaux espaces verts comme le parc romantique Roger Salengro, en face du centre de loisirs Villeneuve o\u00f9 le bagad Keriz tient ses activit\u00e9s.<\/p>\n\n\n<div class=\"wp-block-image is-style-rounded\">\n<figure class=\"aligncenter size-full\"><img loading=\"lazy\" decoding=\"async\" width=\"2560\" height=\"1440\" src=\"https:\/\/bagad-keriz.kurakadesign.fr\/wp-content\/uploads\/2024\/11\/Parc_Roger_Salengro_Vue_champetre_-_Clichy.jpg\" alt=\"\" class=\"wp-image-1320\" srcset=\"https:\/\/bagad-keriz.kurakadesign.fr\/wp-content\/uploads\/2024\/11\/Parc_Roger_Salengro_Vue_champetre_-_Clichy.jpg 2560w, https:\/\/bagad-keriz.kurakadesign.fr\/wp-content\/uploads\/2024\/11\/Parc_Roger_Salengro_Vue_champetre_-_Clichy-300x169.jpg 300w, https:\/\/bagad-keriz.kurakadesign.fr\/wp-content\/uploads\/2024\/11\/Parc_Roger_Salengro_Vue_champetre_-_Clichy-1024x576.jpg 1024w, https:\/\/bagad-keriz.kurakadesign.fr\/wp-content\/uploads\/2024\/11\/Parc_Roger_Salengro_Vue_champetre_-_Clichy-768x432.jpg 768w, https:\/\/bagad-keriz.kurakadesign.fr\/wp-content\/uploads\/2024\/11\/Parc_Roger_Salengro_Vue_champetre_-_Clichy-1536x864.jpg 1536w, https:\/\/bagad-keriz.kurakadesign.fr\/wp-content\/uploads\/2024\/11\/Parc_Roger_Salengro_Vue_champetre_-_Clichy-2048x1152.jpg 2048w, https:\/\/bagad-keriz.kurakadesign.fr\/wp-content\/uploads\/2024\/11\/Parc_Roger_Salengro_Vue_champetre_-_Clichy-1920x1080.jpg 1920w\" sizes=\"auto, (max-width: 2560px) 100vw, 2560px\" \/><figcaption class=\"wp-element-caption\"><strong>Le parc romantique Roger Salengro et son pigeonnier, ouvert au public d\u00e8s 1897<\/strong><\/figcaption><\/figure><\/div>\n\n\n<div class=\"wp-block-buttons is-content-justification-center is-layout-flex wp-container-core-buttons-is-layout-16018d1d wp-block-buttons-is-layout-flex\">\n<div class=\"wp-block-button has-custom-width wp-block-button__width-50 is-style-fill\"><a class=\"wp-block-button__link has-text-align-center wp-element-button\" href=\"https:\/\/www.ville-clichy.fr\/cms_viewFile.php?idtf=23093&amp;path=Plan-Clichy.pdf\">Plan d\u00e9taill\u00e9<\/a><\/div>\n<\/div>\n\n\n\n<div style=\"height:24px\" aria-hidden=\"true\" class=\"wp-block-spacer\"><\/div>\n\n\n\n<div class=\"wp-block-buttons is-content-justification-center is-layout-flex wp-container-core-buttons-is-layout-16018d1d wp-block-buttons-is-layout-flex\">\n<div class=\"wp-block-button has-custom-width wp-block-button__width-50\"><a class=\"wp-block-button__link wp-element-button\" href=\"https:\/\/fr.wikipedia.org\/wiki\/Clichy\">Pr\u00e9sentation<\/a><\/div>\n<\/div>\n\n\n\n<div style=\"height:25px\" aria-hidden=\"true\" class=\"wp-block-spacer\"><\/div>\n\n\n\n<h2 class=\"wp-block-heading\">La Bretagne vient \u00e0 Clichy-la-Garenne<\/h2>\n\n\n\n<p>Clichy a \u00e9t\u00e9 desservie par plusieurs lignes de chemin de fer au d\u00e9but du XX\u00e8me si\u00e8cle. La gare de Clichy-la-Garenne, ouverte d\u00e8s 1882, \u00e9tait un point important pour le transport de marchandises et de passagers. Cette gare a facilit\u00e9 le transport des produits industriels, notamment ceux des cristalleries et verreries, vers d&rsquo;autres parties de la France et m\u00eame \u00e0 l&rsquo;international, et elle a permis une meilleure connectivit\u00e9 avec Paris et les autres r\u00e9gions. C&rsquo;est sans surprise, donc, que Clichy a connu la plus forte immigration bretonne d&rsquo;\u00cele-de-France.<\/p>\n\n\n<div class=\"wp-block-image is-style-rounded\">\n<figure class=\"aligncenter size-large\"><img loading=\"lazy\" decoding=\"async\" width=\"1024\" height=\"576\" src=\"https:\/\/bagad-keriz.kurakadesign.fr\/wp-content\/uploads\/2024\/11\/avenue-de-clichy-train-special-locomotive-230-g-353-9-novembre-1974-cliche-jacques-henri-renaud-1024x576.jpg\" alt=\"\" class=\"wp-image-1324\" srcset=\"https:\/\/bagad-keriz.kurakadesign.fr\/wp-content\/uploads\/2024\/11\/avenue-de-clichy-train-special-locomotive-230-g-353-9-novembre-1974-cliche-jacques-henri-renaud-1024x576.jpg 1024w, https:\/\/bagad-keriz.kurakadesign.fr\/wp-content\/uploads\/2024\/11\/avenue-de-clichy-train-special-locomotive-230-g-353-9-novembre-1974-cliche-jacques-henri-renaud-300x169.jpg 300w, https:\/\/bagad-keriz.kurakadesign.fr\/wp-content\/uploads\/2024\/11\/avenue-de-clichy-train-special-locomotive-230-g-353-9-novembre-1974-cliche-jacques-henri-renaud-768x432.jpg 768w, https:\/\/bagad-keriz.kurakadesign.fr\/wp-content\/uploads\/2024\/11\/avenue-de-clichy-train-special-locomotive-230-g-353-9-novembre-1974-cliche-jacques-henri-renaud.jpg 1400w\" sizes=\"auto, (max-width: 1024px) 100vw, 1024px\" \/><figcaption class=\"wp-element-caption\"><strong>Une locomotive charriant des voyageurs et empruntant la voie de chemin de fer avenue de Clichy<\/strong><\/figcaption><\/figure><\/div>\n\n\n<p>Une importante communaut\u00e9 bretonne s&rsquo;est alors cr\u00e9\u00e9e \u00e0 Clichy, gr\u00e2ce aux nombreux cheminots affect\u00e9s au trafic de Paris-Saint-Lazare. De m\u00e9moire d&rsquo;\u00ab&nbsp;anciens&nbsp;\u00bb, cette immigration serait venue du Tr\u00e9gor et de plusieurs familles de la r\u00e9gion de Gimgamp dans les C\u00f4tes d&rsquo;Armor qui auraient \u00e9t\u00e9 les premi\u00e8res \u00e0 s&rsquo;installer. Ainsi, jusqu&rsquo;aux ann\u00e9es 2000, deux associations visant \u00e0 promouvoir et pr\u00e9server la culture bretonne ont exist\u00e9 et comptaient quelques centaines de membres avec des groupes folkloriques et m\u00eame un Cercle celtique sacr\u00e9 Champion de Bretagne en 1\u00e8re cat\u00e9gorie en 1982.<\/p>\n\n\n<div class=\"wp-block-image is-style-rounded\">\n<figure class=\"aligncenter size-full\"><img loading=\"lazy\" decoding=\"async\" width=\"1435\" height=\"807\" src=\"https:\/\/bagad-keriz.kurakadesign.fr\/wp-content\/uploads\/2024\/11\/large-2-1.jpg\" alt=\"\" class=\"wp-image-1341\" srcset=\"https:\/\/bagad-keriz.kurakadesign.fr\/wp-content\/uploads\/2024\/11\/large-2-1.jpg 1435w, https:\/\/bagad-keriz.kurakadesign.fr\/wp-content\/uploads\/2024\/11\/large-2-1-300x169.jpg 300w, https:\/\/bagad-keriz.kurakadesign.fr\/wp-content\/uploads\/2024\/11\/large-2-1-1024x576.jpg 1024w, https:\/\/bagad-keriz.kurakadesign.fr\/wp-content\/uploads\/2024\/11\/large-2-1-768x432.jpg 768w\" sizes=\"auto, (max-width: 1435px) 100vw, 1435px\" \/><figcaption class=\"wp-element-caption\"><strong>Le grouple floklorique Treger Ha Kerne des Bretons de Clichy-la-Garenne<\/strong><\/figcaption><\/figure><\/div>\n\n\n<p>L&rsquo;Amicale des Bretons de Clichy-la-Garenne, une des deux associations historiques de Clichy, est repr\u00e9sentative de l&rsquo;essort au XX\u00e8me si\u00e8cle de la culture bretonne qui est provenu de la r\u00e9gion parisienne. Ce \u00ab\u00a0revival\u00a0\u00bb\u00a0breton est, en effet, d\u00fb \u00e0 l&rsquo;engagement des h\u00e9ritiers de la diaspora bretonne comme Dorig Le Voyer et Herv\u00e9 Le Menn qui ont cr\u00e9\u00e9 en 1932 \u00e0 Paris le tout premier bagad (la \u00ab\u00a0K.A.V \u00bb pour <em>Kenvreuriezh ar Viniaouerien<\/em>) bien avant que ne soit cr\u00e9\u00e9e en Bretagne la Bodadeg ar Sonerion en 1943, ou Alan Stivell qui a incarn\u00e9 dans les ann\u00e9es 60\/70 la \u00ab\u00a0Vague celtique \u00bb qui a redonn\u00e9 fiert\u00e9 aux Bretons.<\/p>\n\n\n<div class=\"wp-block-image is-style-rounded\">\n<figure class=\"aligncenter size-full\"><img loading=\"lazy\" decoding=\"async\" width=\"1820\" height=\"1024\" src=\"https:\/\/bagad-keriz.kurakadesign.fr\/wp-content\/uploads\/2024\/11\/1920px-Kenvreuriezh_ar_Viniaouerien-1.jpg\" alt=\"\" class=\"wp-image-1317\" srcset=\"https:\/\/bagad-keriz.kurakadesign.fr\/wp-content\/uploads\/2024\/11\/1920px-Kenvreuriezh_ar_Viniaouerien-1.jpg 1820w, https:\/\/bagad-keriz.kurakadesign.fr\/wp-content\/uploads\/2024\/11\/1920px-Kenvreuriezh_ar_Viniaouerien-1-300x169.jpg 300w, https:\/\/bagad-keriz.kurakadesign.fr\/wp-content\/uploads\/2024\/11\/1920px-Kenvreuriezh_ar_Viniaouerien-1-1024x576.jpg 1024w, https:\/\/bagad-keriz.kurakadesign.fr\/wp-content\/uploads\/2024\/11\/1920px-Kenvreuriezh_ar_Viniaouerien-1-768x432.jpg 768w, https:\/\/bagad-keriz.kurakadesign.fr\/wp-content\/uploads\/2024\/11\/1920px-Kenvreuriezh_ar_Viniaouerien-1-1536x864.jpg 1536w\" sizes=\"auto, (max-width: 1820px) 100vw, 1820px\" \/><figcaption class=\"wp-element-caption\"><strong>La \u00ab&nbsp;K.A.V \u00bb ou <em>Kenvreuriezh ar Viniaouerien<\/em>, la Confr\u00e9rie&nbsp;des sonneurs de biniou<\/strong><\/figcaption><\/figure><\/div>\n\n\n<div class=\"wp-block-buttons is-content-justification-center is-layout-flex wp-container-core-buttons-is-layout-16018d1d wp-block-buttons-is-layout-flex\">\n<div class=\"wp-block-button has-custom-width wp-block-button__width-50\"><a class=\"wp-block-button__link wp-element-button\" href=\"http:\/\/enenvor.fr\/eeo_revue\/numero_6\/les_bretons_de_paris_face_au_concept_de_diaspora.html\">Diaspora<\/a><\/div>\n<\/div>\n\n\n\n<div style=\"height:25px\" aria-hidden=\"true\" class=\"wp-block-spacer\"><\/div>\n\n\n\n<div class=\"wp-block-buttons is-content-justification-center is-layout-flex wp-container-core-buttons-is-layout-16018d1d wp-block-buttons-is-layout-flex\">\n<div class=\"wp-block-button has-custom-width wp-block-button__width-50\"><a class=\"wp-block-button__link wp-element-button\" href=\"https:\/\/fr.wikipedia.org\/wiki\/Kenvreuriezh_ar_Viniaouerien\">K.A.V<\/a><\/div>\n<\/div>\n\n\n\n<div style=\"height:25px\" aria-hidden=\"true\" class=\"wp-block-spacer\"><\/div>\n\n\n\n<h2 class=\"wp-block-heading\">Une vie associative et culturelle riche<\/h2>\n\n\n\n<p>Malgr\u00e9 son d\u00e9veloppement, Clichy-la-Garenne conserve son caract\u00e8re de \u00ab village \u00bb et met un point d&rsquo;honneur \u00e0 pr\u00e9server son \u00e9quilibre, son identit\u00e9 et ses traditions. La ville investit dans des activit\u00e9s culturelles et sportives pour rester en concordance avec son \u00e9poque, et elle b\u00e9n\u00e9ficie d&rsquo;un tissu associatif extr\u00eamement riche. Avec plus de 320 associations et 13 000 adh\u00e9rents qui se retrouvent chaque ann\u00e9e au Forum des associations au 55 rue Villeneuve, la ville profite d&rsquo;une belle dynamique et \u00e0 cr\u00e9\u00e9 \u00e0 cet effet une plateforme en ligne d\u00e9di\u00e9e : Clichy Assos.<\/p>\n\n\n<div class=\"wp-block-image is-style-rounded\">\n<figure class=\"aligncenter size-full\"><img loading=\"lazy\" decoding=\"async\" width=\"1152\" height=\"648\" src=\"https:\/\/bagad-keriz.kurakadesign.fr\/wp-content\/uploads\/2024\/11\/34913_428_FORUM_DES_ASSOS_CLICHY_07092024_-31.jpg\" alt=\"\" class=\"wp-image-1326\" srcset=\"https:\/\/bagad-keriz.kurakadesign.fr\/wp-content\/uploads\/2024\/11\/34913_428_FORUM_DES_ASSOS_CLICHY_07092024_-31.jpg 1152w, https:\/\/bagad-keriz.kurakadesign.fr\/wp-content\/uploads\/2024\/11\/34913_428_FORUM_DES_ASSOS_CLICHY_07092024_-31-300x169.jpg 300w, https:\/\/bagad-keriz.kurakadesign.fr\/wp-content\/uploads\/2024\/11\/34913_428_FORUM_DES_ASSOS_CLICHY_07092024_-31-1024x576.jpg 1024w, https:\/\/bagad-keriz.kurakadesign.fr\/wp-content\/uploads\/2024\/11\/34913_428_FORUM_DES_ASSOS_CLICHY_07092024_-31-768x432.jpg 768w\" sizes=\"auto, (max-width: 1152px) 100vw, 1152px\" \/><figcaption class=\"wp-element-caption\"><strong>Le bagad Keriz pr\u00e9sent comme chaque ann\u00e9e au Forum des associations<\/strong> <strong>de Clichy-la-Garenne<\/strong><\/figcaption><\/figure><\/div>\n\n\n<p>En 2024, la municipalit\u00e9 a souhait\u00e9 reconna\u00eetre et valoriser l&rsquo;association du bagad Keriz en remettant \u00e0 plusieurs de ses membres la m\u00e9daille de la jeunesse, des sports et de l&rsquo;engagement associatif et autres d\u00e9corations de la ville de Clichy-la-Garenne. Parmi eux : Alain Nanquette, pr\u00e9sident historique de l&rsquo;association pendant plus de 20 ans, Gilles Marcon, membre et dirigeant du bagad depuis sa cr\u00e9ation en 1980, et Yann-Ga\u00ebl Jaffr\u00e9, actuel pr\u00e9sident de l&rsquo;association depuis 2020. Est ainsi r\u00e9compens\u00e9 45 ans de musique \u00e0 Clichy, et une reprise post-Covid qui a sauv\u00e9 le bagad de l&rsquo;extinction.<\/p>\n\n\n<div class=\"wp-block-image is-style-rounded\">\n<figure class=\"aligncenter size-mesmerize-full-hd\"><img loading=\"lazy\" decoding=\"async\" width=\"1920\" height=\"1080\" src=\"https:\/\/bagad-keriz.kurakadesign.fr\/wp-content\/uploads\/2024\/11\/433095590_1091667902072117_8408950599812808041_n-1-1920x1080.jpg\" alt=\"\" class=\"wp-image-1342\" style=\"aspect-ratio:16\/9;object-fit:cover\" srcset=\"https:\/\/bagad-keriz.kurakadesign.fr\/wp-content\/uploads\/2024\/11\/433095590_1091667902072117_8408950599812808041_n-1-1920x1080.jpg 1920w, https:\/\/bagad-keriz.kurakadesign.fr\/wp-content\/uploads\/2024\/11\/433095590_1091667902072117_8408950599812808041_n-1-300x169.jpg 300w, https:\/\/bagad-keriz.kurakadesign.fr\/wp-content\/uploads\/2024\/11\/433095590_1091667902072117_8408950599812808041_n-1-1024x576.jpg 1024w, https:\/\/bagad-keriz.kurakadesign.fr\/wp-content\/uploads\/2024\/11\/433095590_1091667902072117_8408950599812808041_n-1-768x432.jpg 768w, https:\/\/bagad-keriz.kurakadesign.fr\/wp-content\/uploads\/2024\/11\/433095590_1091667902072117_8408950599812808041_n-1-1536x864.jpg 1536w, https:\/\/bagad-keriz.kurakadesign.fr\/wp-content\/uploads\/2024\/11\/433095590_1091667902072117_8408950599812808041_n-1.jpg 2048w\" sizes=\"auto, (max-width: 1920px) 100vw, 1920px\" \/><figcaption class=\"wp-element-caption\"><strong>Le bagad Keriz fait danser les Clichoises et les Clichois sur la place des Martyrs pour la Saint Patrick<\/strong><\/figcaption><\/figure><\/div>\n\n\n<p>Keriz contribue, avec volont\u00e9, aux ambitions sociales et culturelle de la commune de Clichy : cr\u00e9er du lien social et offrir un acc\u00e8s gratuit et ouvert \u00e0 la culture, \u00e0 la musique et \u00e0 la danse, en intervenant jusque dans les \u00e9coles et en soutenant leurs projets p\u00e9dagogiques en partenariat depuis 2023 avec le Conservatoire L\u00e9o Delibes. L&rsquo;association b\u00e9n\u00e9ficie ainsi, depuis sa cr\u00e9ation en 1980, du fort soutien de la municipalit\u00e9 et plus r\u00e9cemment de la R\u00e9gion Bretagne ; celle-ci, en effet, a soutenu financi\u00e8rement l&rsquo;association en 2022 au titre de la pr\u00e9servation du patrimoine immat\u00e9riel breton hors Bretagne.<\/p>\n\n\n<div class=\"wp-block-image is-style-rounded\">\n<figure class=\"aligncenter size-full\"><img loading=\"lazy\" decoding=\"async\" width=\"1330\" height=\"748\" src=\"https:\/\/bagad-keriz.kurakadesign.fr\/wp-content\/uploads\/2024\/11\/353059202_933714684534107_8671032119164736602_n-3.jpg\" alt=\"\" class=\"wp-image-1346\" srcset=\"https:\/\/bagad-keriz.kurakadesign.fr\/wp-content\/uploads\/2024\/11\/353059202_933714684534107_8671032119164736602_n-3.jpg 1330w, https:\/\/bagad-keriz.kurakadesign.fr\/wp-content\/uploads\/2024\/11\/353059202_933714684534107_8671032119164736602_n-3-300x169.jpg 300w, https:\/\/bagad-keriz.kurakadesign.fr\/wp-content\/uploads\/2024\/11\/353059202_933714684534107_8671032119164736602_n-3-1024x576.jpg 1024w, https:\/\/bagad-keriz.kurakadesign.fr\/wp-content\/uploads\/2024\/11\/353059202_933714684534107_8671032119164736602_n-3-768x432.jpg 768w\" sizes=\"auto, (max-width: 1330px) 100vw, 1330px\" \/><figcaption class=\"wp-element-caption\"><strong>Keriz au c\u00f4t\u00e9 des enfants pour l&rsquo;aboutissement d&rsquo;un projet p\u00e9dagogique autour du bal breton<\/strong><\/figcaption><\/figure><\/div>\n\n\n<div class=\"wp-block-buttons is-content-justification-center is-layout-flex wp-container-core-buttons-is-layout-16018d1d wp-block-buttons-is-layout-flex\">\n<div class=\"wp-block-button has-custom-width wp-block-button__width-50\"><a class=\"wp-block-button__link wp-element-button\" href=\"https:\/\/associations.ville-clichy.fr\/\">Clichy Assos<\/a><\/div>\n<\/div>\n\n\n\n<div style=\"height:25px\" aria-hidden=\"true\" class=\"wp-block-spacer\"><\/div>\n\n\n\n<div class=\"wp-block-buttons is-content-justification-center is-layout-flex wp-container-core-buttons-is-layout-16018d1d wp-block-buttons-is-layout-flex\">\n<div class=\"wp-block-button has-custom-width wp-block-button__width-50\"><a class=\"wp-block-button__link wp-element-button\" href=\"https:\/\/www.ville-clichy.fr\/121-conservatoire-leo-delibes-clichy.htm\">Conservatoire<\/a><\/div>\n<\/div>\n\n\n\n<div style=\"height:25px\" aria-hidden=\"true\" class=\"wp-block-spacer\"><\/div>\n\n\n<div class=\"wp-block-image\">\n<figure class=\"aligncenter size-large is-resized\"><img loading=\"lazy\" decoding=\"async\" width=\"650\" height=\"1024\" src=\"http:\/\/bagad-keriz.fr\/wp-content\/uploads\/2024\/11\/hermine-650x1024.jpg\" alt=\"\" class=\"wp-image-1345\" style=\"width:50px\" srcset=\"https:\/\/bagad-keriz.kurakadesign.fr\/wp-content\/uploads\/2024\/11\/hermine-650x1024.jpg 650w, https:\/\/bagad-keriz.kurakadesign.fr\/wp-content\/uploads\/2024\/11\/hermine-190x300.jpg 190w, https:\/\/bagad-keriz.kurakadesign.fr\/wp-content\/uploads\/2024\/11\/hermine-768x1210.jpg 768w, https:\/\/bagad-keriz.kurakadesign.fr\/wp-content\/uploads\/2024\/11\/hermine-686x1080.jpg 686w, https:\/\/bagad-keriz.kurakadesign.fr\/wp-content\/uploads\/2024\/11\/hermine.jpg 930w\" sizes=\"auto, (max-width: 650px) 100vw, 650px\" \/><\/figure><\/div>\n\n\n<div style=\"height:25px\" aria-hidden=\"true\" class=\"wp-block-spacer\"><\/div>\n\n\n\n<p>Le bagad Keriz est aujourd&rsquo;hui, apr\u00e8s 45 ans d&rsquo;existence, une v\u00e9ritable institution clichoise et un amabassadeur de la culture bretonne en \u00cele-de-France et en dehors de ses fronti\u00e8res. Ce bagad comme nul autre, qui s&rsquo;est forg\u00e9 tout un palmar\u00e8s en Bretagne dans le cadre du Championnat national des bagado\u00f9 tout en ayant prosp\u00e9r\u00e9 loin de ses terres, d\u00e9montre que la culture bretonne est bien vivante et contribue au vivre-ensemble sur la commune de Clichy et en \u00cele-de-France.<\/p>\n","protected":false},"excerpt":{"rendered":"<p>C&rsquo;est la question qui vient et revient inexorablement lors des p\u00e9rigrinations du bagad Keriz en Bretagne et partout ailleurs : \u00ab&nbsp;D&rsquo;o\u00f9 venez-vous ? de Clichy certes&#8230; mais de quel d\u00e9partement breton ?&nbsp;\u00bb. Paris est qualifi\u00e9e de \u00ab&nbsp;premi\u00e8re ville bretonne&nbsp;\u00bb&nbsp;de France compte tenu du nombre de Bretons et de descendants d&rsquo;\u00ab&nbsp;immigr\u00e9s \u00bb de la diaspora bretonne&hellip; <br \/> <a class=\"read-more\" href=\"https:\/\/bagad-keriz.kurakadesign.fr\/index.php\/clichy-en-bretagne\/\">Lire la suite<\/a><\/p>\n","protected":false},"author":1,"featured_media":0,"parent":0,"menu_order":1,"comment_status":"closed","ping_status":"closed","template":"","meta":{"footnotes":""},"class_list":["post-1314","page","type-page","status-publish","hentry"],"_links":{"self":[{"href":"https:\/\/bagad-keriz.kurakadesign.fr\/index.php\/wp-json\/wp\/v2\/pages\/1314","targetHints":{"allow":["GET"]}}],"collection":[{"href":"https:\/\/bagad-keriz.kurakadesign.fr\/index.php\/wp-json\/wp\/v2\/pages"}],"about":[{"href":"https:\/\/bagad-keriz.kurakadesign.fr\/index.php\/wp-json\/wp\/v2\/types\/page"}],"author":[{"embeddable":true,"href":"https:\/\/bagad-keriz.kurakadesign.fr\/index.php\/wp-json\/wp\/v2\/users\/1"}],"replies":[{"embeddable":true,"href":"https:\/\/bagad-keriz.kurakadesign.fr\/index.php\/wp-json\/wp\/v2\/comments?post=1314"}],"version-history":[{"count":39,"href":"https:\/\/bagad-keriz.kurakadesign.fr\/index.php\/wp-json\/wp\/v2\/pages\/1314\/revisions"}],"predecessor-version":[{"id":1553,"href":"https:\/\/bagad-keriz.kurakadesign.fr\/index.php\/wp-json\/wp\/v2\/pages\/1314\/revisions\/1553"}],"wp:attachment":[{"href":"https:\/\/bagad-keriz.kurakadesign.fr\/index.php\/wp-json\/wp\/v2\/media?parent=1314"}],"curies":[{"name":"wp","href":"https:\/\/api.w.org\/{rel}","templated":true}]}}